 r(y) = y**3 - 5*y**2 + y + 3. Calculate r(u).
8
Let k = -10 + 6. Let j(d) be the first derivative of d**4/4 + 4*d**3/3 - d + 6. Give j(k).
-1
Let a(b) = 0*b + 3*b - 3 + 2*b - 4*b. Let c be -2*(-2)/(-4) - -2. Let w = 1 + c. Calculate a(w).
-1
Let z(i) = i + 2. Let g = -23 - -21. Calculate z(g).
0
Let n = -25 - -21. Let g(d) = 2*d**2 + 6*d + 6. Determine g(n).
14
Let l(n) = n - 4. Suppose -8*j - 2*j = -40. What is l(j)?
0
Let p(c) = -c - 5. Let o(g) = 1. Let x(j) = 3*o(j) + p(j). Let s be (2 + -2)/1 + -6. Determine x(s).
4
Suppose -16 = -5*w + 4. Let z(y) be the third derivative of y**6/120 - y**5/12 + 5*y**4/24 - y**3/6 + y**2. Give z(w).
3
Let w(g) = -g**3 + g**2 + 11*g - 1. Let c be w(4). Let s(t) = t**3 + 4*t**2 - 4*t + 1. Determine s(c).
-4
Let a(b) = b - 4. Let v = 4 - 1. Suppose v*q = -3*l - 0*q - 21, -3*l - 17 = q. Give a(l).
-9
Suppose 0*z = 5*r - z + 83, 0 = -z + 3. Let d be (-16)/(-6)*36/r. Let v(w) = -w**3 - 5*w**2 + 5*w - 6. What is v(d)?
0
Let s be (-9)/(-6)*8/6. Let t be (-2 + (4 - s))/(-2). Let l(b) = b - 7. What is l(t)?
-7
Let o(x) = -x**2 + 5*x - 4. Suppose -11 + 5 = -2*g. Let r be o(g). Let d(s) = 11*s - 4. Let l(k) = 6*k - 2. Let p(y) = 3*d(y) - 5*l(y). Determine p(r).
4
Let b(d) = d**2 + 9*d + 17. Let z be b(-5). Let r(c) = c**3 + 5*c**2 + 5*c + 3. Determine r(z).
6
Let g(n) = -971*n - 3 + 972*n + 4 + 9*n**3. What is g(-1)?
-9
Let t(m) = m**3 + 4*m**2 + 3*m - 1. Let g be t(-2). Let l(q) = 2*q - q - 3*q. Give l(g).
-2
Suppose 0 = -6*c + 8*c - 6. Suppose 2 = 3*s - h - c*h, h = s. Let r(j) = 3*j**2 + j - 3*j**2 + j**2 - 2*j**2. Give r(s).
-6
Let s be 2/17 + (-350)/85. Let c(l) = -2*l**2 - 5*l - 3. Determine c(s).
-15
Let d(r) = r + 7. Suppose -1 = x + 2*o, 2*o - 2 = x + 11. What is d(x)?
0
Let q(a) be the first derivative of -a**2/2 - a - 7. Calculate q(-2).
1
Let y(m) = -11*m + 0 + 0 + 15*m. What is y(5)?
20
Let d(q) = -5*q + 8. Let l(x) = -6*x + 9. Let c(f) = -7*d(f) + 6*l(f). What is c(0)?
-2
Suppose -5*d - d = 36. Let x(m) = -3 - 2 + 2*m**2 - 3*m**2 - 6*m. What is x(d)?
-5
Let m(z) = z - 2. Let a(d) = -d + 1. Let i(b) = -3*a(b) - 4*m(b). Let t be i(6). Let w(s) = 7*s**3 + s + 1. Calculate w(t).
-7
Let u(k) = -k + 1. Let p = -5 + 10. What is u(p)?
-4
Let b(a) = 5 - 4*a + 1 - 4*a**2 + 5*a**2 - 3*a. Determine b(5).
-4
Let w(m) = -m**2 - 10*m. Let o(t) = -t + 1. Let y(v) = -4*o(v) + w(v). Let r(k) = -k**3 - 6*k**2 + 7*k + 2. Let q be r(-7). Suppose -q*c + 5*c = -12. Give y(c).
4
Let x(k) = 17*k - 2. Let j(s) = 9*s - 1. Let q(y) = -5*j(y) + 3*x(y). Let t(p) = -p. Suppose -4*a + 4 + 8 = 0. Let g(u) = a*t(u) + q(u). What is g(-1)?
-4
Let o(t) = -t**3 - 5*t**2 + 2*t + 5. Let q = 26 + -15. Suppose 0 = -4*h - 31 + q. What is o(h)?
-5
Let i be 256/144 + 4/18. Let k(b) = b**3 + b**2 - 2*b + 2. Give k(i).
10
Let r(w) = 11*w**3 - 2*w**2 + 1. Let a be -6*(-4)/(-8) - -4. Determine r(a).
10
Let f = 25 + -31. Let a(j) = j - 1. Suppose -4*g + 3*g = -1. Let w(o) = 3*o + 1. Let z(q) = g*w(q) - 2*a(q). Determine z(f).
-3
Let m be ((-18)/15 + 0)*-5. Let v(k) = 3*k + 8. Let h(w) = -3*w - 7. Let a(l) = m*v(l) + 7*h(l). Calculate a(-1).
2
Let s(w) = w**3 - 6*w**2 + 6*w - 2. Let b be s(5). Suppose b*m = 4 + 8. Let l(d) = -d**2 + 4*d. What is l(m)?
0
Let v(q) = q**3 - 9*q**2 + 9*q - 9. Suppose 7*m + 0*m = 56. Calculate v(m).
-1
Let q(g) be the third derivative of 0 + 1/120*g**6 + 0*g**4 + 0*g - 1/15*g**5 + 2*g**2 + 0*g**3. Let j = -1 - -5. What is q(j)?
0
Let f(o) = -5*o**2 - o**3 - 7*o - 1 + 0 - 4. Suppose 0 = 5*a - 21 + 1. Suppose -5*h = 5*y + 15, a*h - h + 17 = -5*y. Determine f(y).
7
Suppose -15*l + 36 = 3*l. Let d(w) be the third derivative of -l*w**2 - 5/24*w**4 + 0*w + 5/6*w**3 + 1/60*w**5 + 0. What is d(5)?
5
Let z(r) = r**2 + 3*r - 3*r**2 + r**2. Suppose -5*c + 3*c - x = -1, -3*c + 3*x = -24. What is z(c)?
0
Let u(l) be the second derivative of -l**5/20 - 5*l**4/12 + 7*l**3/6 + 3*l**2 + l - 10. Calculate u(-6).
0
Let f(q) = 2*q + 14. Let x(u) = 3*u + 22. Let s(h) = -8*f(h) + 5*x(h). Let i(z) = z**3 - 4*z**2 + 4*z. Let a be i(3). Determine s(a).
-5
Let m(w) = 8*w + 6. Let n(r) = 7*r + 6. Let g(t) = -3*m(t) + 4*n(t). Let b(c) = -7*c - 11. Let q(j) = 6*b(j) + 11*g(j). What is q(4)?
8
Let u(k) = -2 + 0 + 13*k - 10*k. Let s be (-1 + 0 - 2)*-1. Determine u(s).
7
Suppose -2*c - 14 = -2*b, c + 5*b - 13 = 2*b. Let v(w) = -2*w + 1. Determine v(c).
5
Suppose 3*j + 25 = u + 2*j, 0 = 3*u - 2*j - 80. Suppose y = -4*y + u. Let r(o) = o**3 - 5*o**2 - 5*o + 5. Give r(y).
11
Let a(n) = n**3 - 2*n**2 + 4*n - 2. Let p be a(2). Suppose -p - 4 = -2*g. Suppose -g*t = -0*u + 4*u + 41, -4*t = -5*u. Let l(k) = -k**2 - 3*k + 2. Give l(t).
-8
Let o(i) be the second derivative of 1/2*i**3 - 1/2*i**2 + 0 + i. Give o(2).
5
Suppose 2*j = 2*q - 10, 2*j = 4*j + 5*q + 17. Let b(t) = -t + 1. Give b(j).
7
Let o(m) = -m**3 + 4*m**2 - 5*m + 2. Let u be (-12)/20*1*-5. Calculate o(u).
-4
Let o(l) be the second derivative of -l**5/20 - l**4/3 - l**3/3 - l**2/2 - 15*l. Give o(-4).
7
Let r(n) = 2 - 1 - 3 - 7*n + 5*n. Determine r(-5).
8
Let l(s) = 2 - 3 + 10*s**2 - 31*s + 33*s. Determine l(1).
11
Let a(p) = p**2 + 2 - 1 + 3 + p + 4*p. Calculate a(-3).
-2
Let l = 10 - 6. Let d(z) = -3*z**3 - 10*z**2 + 5*z + 8. Let g(y) = -4*y**3 - 15*y**2 + 7*y + 12. Let x(v) = -7*d(v) + 5*g(v). Calculate x(l).
-12
Let j(s) = s**2 - 9*s + 16. Let b be j(8). Let h be 7/(28/b)*-1. Let x(y) = 2*y**2 + y - 2. Determine x(h).
4
Let u(z) = 7 - z**2 + 0*z**2 - 5 - 2*z. Determine u(2).
-6
Let j(k) be the first derivative of -2 - 2/3*k**3 + 2*k + 1/4*k**4 + k**2. Calculate j(2).
6
Let k(q) be the first derivative of 1/2*q**2 - 7 - 9*q. Calculate k(7).
-2
Let l(h) = h**2 - h + 3. Let o(s) = -3*s**2 + 2*s - 7. Let a(g) = 5*l(g) + 2*o(g). Let u(q) = -q**2 + 9*q - 2. Let n be u(9). Let z = n + 4. Determine a(z).
-5
Suppose v - 25 = -4*v. Let m(j) = -j**3 - j + 7. Let r be m(0). Let p(f) = 5*f - 2*f - f - r + 0*f. Determine p(v).
3
Suppose 4*a = 2*m + 8, 0 = 3*a - 4*m + 2*m - 6. Let j = a - -3. Let l(b) = b**2 - 4*b + 4. Calculate l(j).
9
Let r be (2 - 0)*1 + -3. Let o(n) be the first derivative of 4/3*n**3 - n - 2 + 0*n**2. Determine o(r).
3
Let g(z) = -z**3 - 2*z**2 + z. Let w be -13 + 1/(1/(-2)). Let a = w - -11. Let d be (a + -3 + 1)/2. Calculate g(d).
6
Suppose 4 = -5*l + 3*l. Let d be 2 + -3 - (2 + l). Let g be -2 - -3 - (1 + d). Let p(c) = 7*c**3 - 2*c**2 + c. Calculate p(g).
6
Let k(l) = -3582*l + 3589*l + l**3 - 5*l**2 - 2*l**3. Determine k(-6).
-6
Let s(i) be the second derivative of -i**4/12 - i**3/2 + 2*i**2 - 13*i. What is s(-3)?
4
Let t(c) = -c**2 + c - 3. Let d = -19 + 16. Give t(d).
-15
Let c(o) = -o**2 - 7*o - 5. Let b(w) be the third derivative of -w**6/120 - w**5/10 + 7*w**4/24 - 5*w**3/6 + 8*w**2. Let i be b(-7). What is c(i)?
5
Let u(i) be the third derivative of i**7/1260 + i**6/360 - i**5/60 - i**2. Let z(t) be the third derivative of u(t). Determine z(2).
10
Let r(n) be the second derivative of -1/3*n**3 + 0 + 0*n**2 - n. Determine r(-1).
2
Let u(n) = 0*n - 7*n**2 - n + 6*n**2 + 5*n. Suppose -f + 3*f - 12 = 0. Give u(f).
-12
Suppose -25 = -5*c, u - c + 11 = 2*u. Let l(b) = -b - 1. Calculate l(u).
-7
Let c = 18 + -3. Let j(z) = z**2 + 6 - 4*z - c + 10. Determine j(4).
1
Let x = -11 - -19. Let r(y) = 3*y + 8 + x*y**2 - 6*y**2 - 3 + 2*y. Calculate r(-4).
17
Let m be -1 - 3/((-6)/8). Let d(o) = 13*o**2 + 5*o - 30. Let z(x) = 7*x**2 + 3*x - 16. Let s(t) = -6*d(t) + 11*z(t). Calculate s(m).
4
Let f(h) = h**2 - 1. Let t(d) = -2*d**2 - 4*d - 3. Let s(w) = 3*f(w) + t(w). Give s(6).
6
Suppose 2*h - 4*p = 5 - 1, -p = -3*h + 6. Let n(f) be the second derivative of -f**3/2 + 3*f**2/2 + 18*f. What is n(h)?
-3
Let v(s) be the third derivative of -s**5/60 + s**4/6 - s**3/6 - 15*s**2. Give v(3).
2
Let z(u) = u + 7. Suppose 5*k + 3*w = -44, 3*k - 9*w + 12*w = -30. Calculate z(k).
0
Let q(u) = 0*u + 1 + 5 - u. Suppose -5*n + 19 + 6 = 0. Calculate q(n).
1
Let v = 3 + -1. Let c(x) = -v*x + 2*x - x. Let u be ((-3)/(-9))/((-1)/(-6)). Calculate c(u).
-2
Suppose 4*y - 60 = -5*v, -7*v + 3*v - 5*y = -48. Let x be (-31)/(-6) - 2/v. Let i(a) = a + 1. Let u(c) = 6*c. Let g(w) = 5*i(w) - u(w). Calculate g(x).
0
Let g(v) = 2*v + 34 - 3*v - 36. Let i be 1/3 + 26/3. Suppose -16 = 4*m - d + 5*d, -4*d = -m - i. Calculate g